f 1397198317.
1397198317
What are the prime factors of 121657808?
2, 47, 161779
List the prime factors of 223986542.
2, 13, 8614867
What are the prime factors of 2757917438?
2, 571, 2414989
List the prime factors of 99145399.
99145399
List the prime factors of 221399448.
2, 3, 1861, 4957
List the prime factors of 68194912.
2, 199, 10709
What are the prime factors of 20980100?
2, 5, 209801
List the prime factors of 1745207858.
2, 872603929
List the prime factors of 17800370.
2, 5, 7, 254291
What are the prime factors of 380849925?
3, 5, 43, 118093
List the prime factors of 449009676.
2, 3, 191, 21767
What are the prime factors of 5961434349?
3, 13, 152857291
What are the prime factors of 237529794?
2, 3, 163, 242873
List the prime factors of 87041380.
2, 5, 4352069
List the prime factors of 229145744.
2, 14321609
What are the prime factors of 358796370?
2, 3, 5, 71, 168449
What are the prime factors of 235055681?
7, 33579383
List the prime factors of 180589239.
3, 929, 21599
What are the prime factors of 3145326140?
2, 5, 11, 2441, 5857
What are the prime factors of 25835312?
2, 1614707
List the prime factors of 1082524465.
5, 11, 593, 33191
What are the prime factors of 184533247?
157, 1175371
List the prime factors of 32481391.
32481391
What are the prime factors of 74897764?
2, 3463, 5407
List the prime factors of 18874502.
2, 557, 16943
List the prime factors of 308559056.
2, 13, 43, 34499
What are the prime factors of 74671102?
2, 11, 19, 178639
What are the prime factors of 862985523?
3, 287661841
What are the prime factors of 3258611311?
3258611311
What are the prime factors of 27375259?
27375259
List the prime factors of 1333833113.
1333833113
What are the prime factors of 18577789?
71, 233, 1123
List the prime factors of 12090895.
5, 1217, 1987
What are the prime factors of 123134381?
123134381
List the prime factors of 148461557.
137, 509, 2129
List the prime factors of 2945054043.
3, 8887, 36821
What are the prime factors of 288184431?
3, 96061477
What are the prime factors of 25294989?
3, 29, 167, 1741
What are the prime factors of 2084332688?
2, 47, 2771719
What are the prime factors of 12682197?
3, 11, 42701
What are the prime factors of 7737490313?
7, 17, 65020927
List the prime factors of 85471535.
5, 17094307
What are the prime factors of 1967736145?
5, 17, 23149837
What are the prime factors of 24253014?
2, 3, 1913, 2113
What are the prime factors of 357436482?
2, 3, 13, 229, 20011
List the prime factors of 7372003502.
2, 3686001751
List the prime factors of 106325113.
23, 4622831
What are the prime factors of 561874296?
2, 3, 1217, 19237
What are the prime factors of 329264698?
2, 7, 23518907
List the prime factors of 21563699.
21563699
List the prime factors of 257902373.
79, 1259, 2593
What are the prime factors of 154057399?
47, 3277817
List the prime factors of 50284055.
5, 10056811
List the prime factors of 215765951.
13709, 15739
List the prime factors of 2548448904.
2, 3, 1117, 95063
List the prime factors of 111511503.
3, 359, 34513
List the prime factors of 12913233.
3, 127, 33893
What are the prime factors of 8724100?
2, 5, 7, 11, 103
List the prime factors of 8604681074.
2, 11, 571, 684977
List the prime factors of 5806863202.
2, 7, 601, 690143
What are the prime factors of 71215597?
5407, 13171
What are the prime factors of 211038043?
211038043
What are the prime factors of 799396733?
799396733
What are the prime factors of 44521394?
2, 31, 718087
What are the prime factors of 88762639?
7, 12680377
List the prime factors of 38993590.
2, 5, 571, 6829
What are the prime factors of 495051837?
3, 7, 29, 241, 3373
List the prime factors of 259724200.
2, 5, 31, 163, 257
What are the prime factors of 1136821180?
2, 5, 11, 181, 28549
What are the prime factors of 9085770393?
3, 7, 157, 2755769
What are the prime factors of 100390742?
2, 59, 659, 1291
List the prime factors of 2370189.
3, 790063
What are the prime factors of 1159593?
3, 83, 4657
What are the prime factors of 8535000870?
2, 3, 5, 11, 8621213
List the prime factors of 4546877.
157, 28961
List the prime factors of 294071811.
3, 11, 2153, 4139
What are the prime factors of 261263308?
2, 2003, 32609
List the prime factors of 268063784.
2, 67, 500119
List the prime factors of 148607502.
2, 3, 24767917
List the prime factors of 37279574.
2, 18639787
List the prime factors of 104392465.
5, 4127, 5059
What are the prime factors of 1084424409?
3, 40163867
What are the prime factors of 106463020?
2, 5, 5323151
What are the prime factors of 6526996565?
5, 19, 68705227
What are the prime factors of 278162157?
3, 7, 13, 233, 4373
List the prime factors of 71534750.
2, 5, 7, 41, 997
What are the prime factors of 4556708179?
4556708179
List the prime factors of 45749660.
2, 5, 11, 207953
List the prime factors of 350371411.
13, 17, 1213, 1307
List the prime factors of 75505678.
2, 37, 43, 61, 389
List the prime factors of 27741674.
2, 13870837
List the prime factors of 2344439870.
2, 5, 197, 1190071
What are the prime factors of 1426361541?
3, 11, 6151, 7027
List the prime factors of 7530951751.
139, 293, 184913
What are the prime factors of 1339003917?
3, 148778213
What are the prime factors of 489348248?
2, 859, 71209
List the prime factors of 1018380596.
2, 7937, 32077
What are the prime factors of 1843484001?
3, 53, 211, 54949
What are the prime factors of 125410256?
2, 89, 88069
What are the prime factors of 32334129?
3, 761, 4721
List the prime factors of 525480430.
2, 5, 5419, 9697
What are the prime factors of 1355980225?
5, 113, 677, 709
List the prime factors of 405399668.
2, 101349917
List the prime factors of 29726646.
2, 3, 1153, 4297
What are the prime factors of 2815698404?
2, 71, 9914431
What are the prime factors of 23214558?
2, 3, 29, 133417
What are the prime factors of 121085792?
2, 41, 2251
What are the prime factors of 127059564?
2, 3, 17, 103, 6047
List the prime factors of 3176134344.
2, 3, 17, 2594881
What are the prime factors of 22327543?
7, 877, 3637
List the prime factors of 741947392.
2, 61, 5939
What are the prime factors of 72726009?
3, 113, 214531
What are the prime factors of 164690363?
1021, 161303
What are the prime factors of 70082960?
2, 5, 53, 16529
What are the prime factors of 9773839?
9773839
What are the prime factors of 218641234?
2, 7, 67, 71
List the prime factors of 101669035.
5, 13, 1564139
What are the prime factors of 53984755?
5, 11, 89231
List the prime factors of 27973002.
2, 3, 4662167
What are the prime factors of 95214284?
2, 11, 1367, 1583
List the prime factors of 5284747390.
2, 5, 13, 1129, 36007
List the prime factors of 563406516.
2, 3, 1738909
List the prime factors of 156187855.
5, 31237571
What are the prime factors of 195056194?
2, 3433, 28409
What are the prime factors of 148759108?
2, 73, 509449
List the prime factors of 453604716.
2, 3, 12600131
List the prime factors of 56017896.
2, 3, 11, 67, 3167
List the prime factors of 73584020.
2, 5, 29, 293, 433
List the prime factors of 2936866733.
2936866733
List the prime factors of 5667961093.
23, 107, 641, 3593
What are the prime factors of 2019225305?
5, 353, 1144037
What are the prime factors of 114839980?
2, 5, 5741999
List the prime factors of 2641715685.
3, 5, 7, 31, 5521
What are the prime factors of 229308253?
47, 1049, 4651
List the prime factors of 2449714257.
3, 43, 1361, 4651
List the prime factors of 17045304.
2, 3, 710221
List the prime factors of 150956055.
3, 5, 41, 9091
List the prime factors of 164005332.
2, 3, 61, 449, 499
What are the prime factors of 95042173?
191, 497603
List the prime factors of 109450109.
641, 170749
What are the prime factors of 5195066687?
2797, 1857371
What are the prime factors of 239327706?
2, 3, 39887951
List the prime factors of 1098990566.
2, 47, 11691389
List the prime factors of 265752060.
2, 3, 5, 7, 632743
List the prime factors of 957899593.
7, 311, 440009
What are the prime factors of 3540804350?
2, 5, 2609, 27143
What are the prime factors of 6913403?
7, 31, 31859
What are the prime factors of 760278012?
2, 3, 13, 17, 43, 59, 113
List the prime factors of 7301039145.
3, 5, 661, 736363
What are the prime factors of 4148393808?
2, 3, 13, 6648067
What are the prime factors of 147423927?
3, 7, 7020187
Li